{"id":379,"date":"2021-10-31T20:58:51","date_gmt":"2021-10-31T19:58:51","guid":{"rendered":"https:\/\/nadinejacobi.de\/wordpress\/?page_id=379"},"modified":"2021-10-31T21:25:01","modified_gmt":"2021-10-31T20:25:01","slug":"der-hoerbare-stadtfuehrer","status":"publish","type":"page","link":"https:\/\/nadinejacobi.de\/wordpress\/projekte\/der-hoerbare-stadtfuehrer\/","title":{"rendered":"Der h\u00f6rbare Stadtf\u00fchrer"},"content":{"rendered":"\t\t<div data-elementor-type=\"wp-page\" data-elementor-id=\"379\" class=\"elementor elementor-379\" data-elementor-settings=\"[]\">\n\t\t\t\t\t\t\t<div class=\"elementor-section-wrap\">\n\t\t\t\t\t\t\t<section class=\"elementor-section elementor-top-section elementor-element elementor-element-1e7356c3 elementor-section-boxed elementor-section-height-default elementor-section-height-default\" data-id=\"1e7356c3\" data-element_type=\"section\">\n\t\t\t\t\t\t<div class=\"elementor-container elementor-column-gap-default\">\n\t\t\t\t\t<div class=\"elementor-column elementor-col-50 elementor-top-column elementor-element elementor-element-3d2b446f\" data-id=\"3d2b446f\" data-element_type=\"column\">\n\t\t\t<div class=\"elementor-widget-wrap elementor-element-populated\">\n\t\t\t\t\t\t\t\t<div class=\"elementor-element elementor-element-754a9a1a elementor-widget elementor-widget-text-editor\" data-id=\"754a9a1a\" data-element_type=\"widget\" data-widget_type=\"text-editor.default\">\n\t\t\t\t<div class=\"elementor-widget-container\">\n\t\t\t\t\t\t\t<p><span style=\"font-family: Roboto, sans-serif; font-size: 15px; font-style: normal; font-variant-ligatures: normal; font-variant-caps: normal; font-weight: 300;\">Der H\u00f6rbare Stadtf\u00fchrer &#8211; Jena inspiriert!<\/span><\/p>\t\t\t\t\t\t<\/div>\n\t\t\t\t<\/div>\n\t\t\t\t<div class=\"elementor-element elementor-element-28ab4d21 elementor-widget-divider--view-line elementor-widget elementor-widget-divider\" data-id=\"28ab4d21\" data-element_type=\"widget\" data-widget_type=\"divider.default\">\n\t\t\t\t<div class=\"elementor-widget-container\">\n\t\t\t\t\t<div class=\"elementor-divider\">\n\t\t\t<span class=\"elementor-divider-separator\">\n\t\t\t\t\t\t<\/span>\n\t\t<\/div>\n\t\t\t\t<\/div>\n\t\t\t\t<\/div>\n\t\t\t\t<div class=\"elementor-element elementor-element-7698a1ab elementor-widget elementor-widget-text-editor\" data-id=\"7698a1ab\" data-element_type=\"widget\" data-widget_type=\"text-editor.default\">\n\t\t\t\t<div class=\"elementor-widget-container\">\n\t\t\t\t\t\t\t<p>Orte sind best\u00fcckt mit Erinnerungen, mit Geschichten, die wir selbst hier erlebt haben und mitteilen k\u00f6nnen. Diese pers\u00f6nlichen Geschichten sind es auch, die uns mit der eigenen Stadt verbinden. Auf unserer Webseite wird ein digitaler Stadtrundgang zu pers\u00f6nlichen Geschichten von Einwohnern Jenas zu ihren ausgew\u00e4hlten Orten h\u00f6rbar werden. 2019 starteten wir das Projekt und sammeln seit dem in verschiedenen Workshops und \u00fcber pers\u00f6nliche Kontakte diese Geschichten, die dann auf der Webseite \u00fcber Sprache, Zeichnungen, Fotografien, oder auch Videos erz\u00e4hlt werden.\u00a0<\/p><p>Ein Projekt der Evangelischen Erwachsenenbildung Th\u00fcringen e.V. und den Jenaer K\u00fcnstlerInnen Nadine Jacobi und Andr\u00e9 Helbig in Kooperation mit der K\u00fcnstlerischen Abendschule Jena e.V.<\/p><p>gef\u00f6rdert durch: Th\u00fcringer Ministerium f\u00fcr Bildung, Jugend und Sport<\/p><p>weitere Infos und Anmeldung unter: <strong><a href=\"http:\/\/www.hoerbarer-stadtfuehrer-jena.de\">www.hoerbarer-stadtfuehrer-jena.de<\/a><\/strong><\/p>\t\t\t\t\t\t<\/div>\n\t\t\t\t<\/div>\n\t\t\t\t\t<\/div>\n\t\t<\/div>\n\t\t\t\t<div class=\"elementor-column elementor-col-50 elementor-top-column elementor-element elementor-element-6078f770\" data-id=\"6078f770\" data-element_type=\"column\">\n\t\t\t<div class=\"elementor-widget-wrap elementor-element-populated\">\n\t\t\t\t\t\t\t\t<div class=\"elementor-element elementor-element-6320ce57 elementor-widget elementor-widget-image\" data-id=\"6320ce57\" data-element_type=\"widget\" data-widget_type=\"image.default\">\n\t\t\t\t<div class=\"elementor-widget-container\">\n\t\t\t\t\t\t\t\t\t\t\t\t\t\t\t<img decoding=\"async\" width=\"480\" height=\"223\" src=\"https:\/\/nadinejacobi.de\/wordpress\/wp-content\/uploads\/2021\/10\/logo_stadtfuehrer.jpg\" class=\"attachment-full size-full\" alt=\"\" loading=\"lazy\" srcset=\"https:\/\/nadinejacobi.de\/wordpress\/wp-content\/uploads\/2021\/10\/logo_stadtfuehrer.jpg 480w, https:\/\/nadinejacobi.de\/wordpress\/wp-content\/uploads\/2021\/10\/logo_stadtfuehrer-300x139.jpg 300w\" sizes=\"(max-width: 480px) 100vw, 480px\" \/>\t\t\t\t\t\t\t\t\t\t\t\t\t\t\t<\/div>\n\t\t\t\t<\/div>\n\t\t\t\t\t<\/div>\n\t\t<\/div>\n\t\t\t\t\t\t\t<\/div>\n\t\t<\/section>\n\t\t\t\t<section class=\"elementor-section elementor-top-section elementor-element elementor-element-653882bd elementor-section-boxed elementor-section-height-default elementor-section-height-default\" data-id=\"653882bd\" data-element_type=\"section\">\n\t\t\t\t\t\t<div class=\"elementor-container elementor-column-gap-default\">\n\t\t\t\t\t<div class=\"elementor-column elementor-col-100 elementor-top-column elementor-element elementor-element-6a86163a\" data-id=\"6a86163a\" data-element_type=\"column\">\n\t\t\t<div class=\"elementor-widget-wrap elementor-element-populated\">\n\t\t\t\t\t\t\t\t<div class=\"elementor-element elementor-element-67fc1da6 elementor-widget-divider--view-line elementor-widget elementor-widget-divider\" data-id=\"67fc1da6\" data-element_type=\"widget\" data-widget_type=\"divider.default\">\n\t\t\t\t<div class=\"elementor-widget-container\">\n\t\t\t\t\t<div class=\"elementor-divider\">\n\t\t\t<span class=\"elementor-divider-separator\">\n\t\t\t\t\t\t<\/span>\n\t\t<\/div>\n\t\t\t\t<\/div>\n\t\t\t\t<\/div>\n\t\t\t\t\t<\/div>\n\t\t<\/div>\n\t\t\t\t\t\t\t<\/div>\n\t\t<\/section>\n\t\t\t\t<section class=\"elementor-section elementor-top-section elementor-element elementor-element-45623d40 elementor-section-boxed elementor-section-height-default elementor-section-height-default\" data-id=\"45623d40\" data-element_type=\"section\">\n\t\t\t\t\t\t<div class=\"elementor-container elementor-column-gap-default\">\n\t\t\t\t\t<div class=\"elementor-column elementor-col-100 elementor-top-column elementor-element elementor-element-47f48315\" data-id=\"47f48315\" data-element_type=\"column\">\n\t\t\t<div class=\"elementor-widget-wrap elementor-element-populated\">\n\t\t\t\t\t\t\t\t<div class=\"elementor-element elementor-element-84bf9ee elementor-widget elementor-widget-button\" data-id=\"84bf9ee\" data-element_type=\"widget\" data-widget_type=\"button.default\">\n\t\t\t\t<div class=\"elementor-widget-container\">\n\t\t\t\t\t<div class=\"elementor-button-wrapper\">\n\t\t\t<a href=\"#\" class=\"elementor-button-link elementor-button elementor-size-sm\" role=\"button\">\n\t\t\t\t\t\t<span class=\"elementor-button-content-wrapper\">\n\t\t\t\t\t\t<span class=\"elementor-button-text\">Zur\u00fcck zur \u00dcbersicht<\/span>\n\t\t<\/span>\n\t\t\t\t\t<\/a>\n\t\t<\/div>\n\t\t\t\t<\/div>\n\t\t\t\t<\/div>\n\t\t\t\t\t<\/div>\n\t\t<\/div>\n\t\t\t\t\t\t\t<\/div>\n\t\t<\/section>\n\t\t\t\t\t\t<\/div>\n\t\t\t\t\t<\/div>\n\t\t","protected":false},"excerpt":{"rendered":"<p>Der H\u00f6rbare Stadtf\u00fchrer &#8211; Jena inspiriert! Orte sind best\u00fcckt mit Erinnerungen, mit Geschichten, die wir selbst hier erlebt haben und mitteilen k\u00f6nnen. Diese pers\u00f6nlichen Geschichten sind es auch, die uns mit der eigenen Stadt verbinden. Auf unserer Webseite wird ein<\/p>\n","protected":false},"author":1,"featured_media":0,"parent":30,"menu_order":0,"comment_status":"closed","ping_status":"closed","template":"","meta":[],"_links":{"self":[{"href":"https:\/\/nadinejacobi.de\/wordpress\/wp-json\/wp\/v2\/pages\/379"}],"collection":[{"href":"https:\/\/nadinejacobi.de\/wordpress\/wp-json\/wp\/v2\/pages"}],"about":[{"href":"https:\/\/nadinejacobi.de\/wordpress\/wp-json\/wp\/v2\/types\/page"}],"author":[{"embeddable":true,"href":"https:\/\/nadinejacobi.de\/wordpress\/wp-json\/wp\/v2\/users\/1"}],"replies":[{"embeddable":true,"href":"https:\/\/nadinejacobi.de\/wordpress\/wp-json\/wp\/v2\/comments?post=379"}],"version-history":[{"count":4,"href":"https:\/\/nadinejacobi.de\/wordpress\/wp-json\/wp\/v2\/pages\/379\/revisions"}],"predecessor-version":[{"id":428,"href":"https:\/\/nadinejacobi.de\/wordpress\/wp-json\/wp\/v2\/pages\/379\/revisions\/428"}],"up":[{"embeddable":true,"href":"https:\/\/nadinejacobi.de\/wordpress\/wp-json\/wp\/v2\/pages\/30"}],"wp:attachment":[{"href":"https:\/\/nadinejacobi.de\/wordpress\/wp-json\/wp\/v2\/media?parent=379"}],"curies":[{"name":"wp","href":"https:\/\/api.w.org\/{rel}","templated":true}]}}