{"id":102,"date":"2021-10-29T15:18:11","date_gmt":"2021-10-29T13:18:11","guid":{"rendered":"http:\/\/nadinejacobi.de\/wordpress\/?page_id=102"},"modified":"2021-10-31T19:24:35","modified_gmt":"2021-10-31T18:24:35","slug":"statement","status":"publish","type":"page","link":"http:\/\/nadinejacobi.de\/wordpress\/statement\/","title":{"rendered":"Statement"},"content":{"rendered":"\t\t<div data-elementor-type=\"wp-page\" data-elementor-id=\"102\" class=\"elementor elementor-102\" data-elementor-settings=\"[]\">\n\t\t\t\t\t\t\t<div class=\"elementor-section-wrap\">\n\t\t\t\t\t\t\t<section class=\"elementor-section elementor-top-section elementor-element elementor-element-a02f452 elementor-section-boxed elementor-section-height-default elementor-section-height-default\" data-id=\"a02f452\" data-element_type=\"section\">\n\t\t\t\t\t\t<div class=\"elementor-container elementor-column-gap-default\">\n\t\t\t\t\t<div class=\"elementor-column elementor-col-50 elementor-top-column elementor-element elementor-element-c3bb44b\" data-id=\"c3bb44b\" data-element_type=\"column\">\n\t\t\t<div class=\"elementor-widget-wrap elementor-element-populated\">\n\t\t\t\t\t\t\t\t<div class=\"elementor-element elementor-element-36d1b06 elementor-widget elementor-widget-text-editor\" data-id=\"36d1b06\" data-element_type=\"widget\" data-widget_type=\"text-editor.default\">\n\t\t\t\t<div class=\"elementor-widget-container\">\n\t\t\t\t\t\t\t<p>Begegnungen sind Ausl\u00f6ser f\u00fcr meine Arbeiten. Begegnungen mit Menschen &#8211; analog und digital &#8211; Begegnungen mit Gegenst\u00e4nden, mit Gedanken, mit Ideen.<\/p><p>Das Thema Kommunikation begann mich w\u00e4hrend meines Studiums zu besch\u00e4ftigen. Gespr\u00e4che, Austausch, Vergleich, Abgleich, Aneignung &#8211; Gedankenfetzen, W\u00f6rter, die h\u00e4ngen bleiben &#8211; sind oft Teil meiner Arbeiten. So sind einige Werke in Zusammenarbeit mit anderen Personen entstanden, in denen der gemeinsame Prozess grundlegend ist und auch kommuniziert wird.<\/p><p><span style=\"font-size: 15px; font-weight: 300;\">Seit drei Jahren interessiert mich das Material Klebefilm &#8211; oder alltagssprachlich Tesa. Es ist f\u00fcr mich zum \u00dcbertr\u00e4ger von Informationen geworden, ein Speichermedium, dass bruchst\u00fcckhaft Daten \u00fcbernimmt und in \u00dcberlagerungen neu zusammenf\u00fcgt. Bruchteile eines zuvor definierten Bereichs werden \u00fcbertragen. Partikel, Informationen bleiben h\u00e4ngen. Die Auswahl sind Erinnerungen, Verkn\u00fcpfungen von Fragmenten &#8211; von schon mal Notiertem \/ Gesagtem. Eine fehlerhafte Kopie, ein Abbild entsteht, das dennoch neue Verbindungen aufzeigt.<\/span><\/p><p><span style=\"font-size: 15px; font-weight: 300;\">So entstehen Objekte, Installationen und Zeichnungen, die oft \u00dcberreste von Gespr\u00e4chen, Zitaten, schon mal Ge\u00e4u\u00dfertem zeigen. Verg\u00e4ngliche Materialien verst\u00e4rken die Fl\u00fcchtigkeit von Wort oder Tat.<\/span><\/p><p>Nadine Jacobi<\/p><p>Juli 2021<\/p>\t\t\t\t\t\t<\/div>\n\t\t\t\t<\/div>\n\t\t\t\t\t<\/div>\n\t\t<\/div>\n\t\t\t\t<div class=\"elementor-column elementor-col-50 elementor-top-column elementor-element elementor-element-c3e1874\" data-id=\"c3e1874\" data-element_type=\"column\">\n\t\t\t<div class=\"elementor-widget-wrap elementor-element-populated\">\n\t\t\t\t\t\t\t\t<div class=\"elementor-element elementor-element-74aad10 elementor-widget elementor-widget-image\" data-id=\"74aad10\" data-element_type=\"widget\" data-widget_type=\"image.default\">\n\t\t\t\t<div class=\"elementor-widget-container\">\n\t\t\t\t\t\t\t\t\t\t\t\t<figure class=\"wp-caption\">\n\t\t\t\t\t\t\t\t\t\t<img decoding=\"async\" src=\"http:\/\/nadinejacobi.de\/wordpress\/wp-content\/uploads\/2021\/10\/K5A2242_monitor_neu-e1635704317747.jpg\" title=\"_K5A2242_monitor_neu\" alt=\"_K5A2242_monitor_neu\" \/>\t\t\t\t\t\t\t\t\t\t\t<figcaption class=\"widget-image-caption wp-caption-text\">Foto: Andr\u00e9 Helbig<\/figcaption>\n\t\t\t\t\t\t\t\t\t\t<\/figure>\n\t\t\t\t\t\t\t\t\t<\/div>\n\t\t\t\t<\/div>\n\t\t\t\t\t<\/div>\n\t\t<\/div>\n\t\t\t\t\t\t\t<\/div>\n\t\t<\/section>\n\t\t\t\t\t\t<\/div>\n\t\t\t\t\t<\/div>\n\t\t","protected":false},"excerpt":{"rendered":"<p>Begegnungen sind Ausl\u00f6ser f\u00fcr meine Arbeiten. Begegnungen mit Menschen &#8211; analog und digital &#8211; Begegnungen mit Gegenst\u00e4nden, mit Gedanken, mit Ideen. Das Thema Kommunikation begann mich w\u00e4hrend meines Studiums zu besch\u00e4ftigen. Gespr\u00e4che, Austausch, Vergleich, Abgleich, Aneignung &#8211; Gedankenfetzen, W\u00f6rter, die<\/p>\n","protected":false},"author":1,"featured_media":0,"parent":0,"menu_order":0,"comment_status":"closed","ping_status":"closed","template":"","meta":[],"_links":{"self":[{"href":"http:\/\/nadinejacobi.de\/wordpress\/wp-json\/wp\/v2\/pages\/102"}],"collection":[{"href":"http:\/\/nadinejacobi.de\/wordpress\/wp-json\/wp\/v2\/pages"}],"about":[{"href":"http:\/\/nadinejacobi.de\/wordpress\/wp-json\/wp\/v2\/types\/page"}],"author":[{"embeddable":true,"href":"http:\/\/nadinejacobi.de\/wordpress\/wp-json\/wp\/v2\/users\/1"}],"replies":[{"embeddable":true,"href":"http:\/\/nadinejacobi.de\/wordpress\/wp-json\/wp\/v2\/comments?post=102"}],"version-history":[{"count":23,"href":"http:\/\/nadinejacobi.de\/wordpress\/wp-json\/wp\/v2\/pages\/102\/revisions"}],"predecessor-version":[{"id":346,"href":"http:\/\/nadinejacobi.de\/wordpress\/wp-json\/wp\/v2\/pages\/102\/revisions\/346"}],"wp:attachment":[{"href":"http:\/\/nadinejacobi.de\/wordpress\/wp-json\/wp\/v2\/media?parent=102"}],"curies":[{"name":"wp","href":"https:\/\/api.w.org\/{rel}","templated":true}]}}

<div data-elementor-type="wp-page" data-elementor-id="102" class="elementor elementor-102" data-elementor-settings="[]">
							<div class="elementor-section-wrap">
							<section class="elementor-section elementor-top-section elementor-element elementor-element-a02f452 elementor-section-boxed elementor-section-height-default elementor-section-height-default" data-id="a02f452" data-element_type="section">
						<div class="elementor-container elementor-column-gap-default">
					<div class="elementor-column elementor-col-50 elementor-top-column elementor-element elementor-element-c3bb44b" data-id="c3bb44b" data-element_type="column">
			<div class="elementor-widget-wrap elementor-element-populated">
								<div class="elementor-element elementor-element-36d1b06 elementor-widget elementor-widget-text-editor" data-id="36d1b06" data-element_type="widget" data-widget_type="text-editor.default">
				<div class="elementor-widget-container">
							<p>Begegnungen sind Auslöser für meine Arbeiten. Begegnungen mit Menschen &#8211; analog und digital &#8211; Begegnungen mit Gegenständen, mit Gedanken, mit Ideen.</p><p>Das Thema Kommunikation begann mich während meines Studiums zu beschäftigen. Gespräche, Austausch, Vergleich, Abgleich, Aneignung &#8211; Gedankenfetzen, Wörter, die hängen bleiben &#8211; sind oft Teil meiner Arbeiten. So sind einige Werke in Zusammenarbeit mit anderen Personen entstanden, in denen der gemeinsame Prozess grundlegend ist und auch kommuniziert wird.</p><p><span style="font-size: 15px; font-weight: 300;">Seit drei Jahren interessiert mich das Material Klebefilm &#8211; oder alltagssprachlich Tesa. Es ist für mich zum Überträger von Informationen geworden, ein Speichermedium, dass bruchstückhaft Daten übernimmt und in Überlagerungen neu zusammenfügt. Bruchteile eines zuvor definierten Bereichs werden übertragen. Partikel, Informationen bleiben hängen. Die Auswahl sind Erinnerungen, Verknüpfungen von Fragmenten &#8211; von schon mal Notiertem / Gesagtem. Eine fehlerhafte Kopie, ein Abbild entsteht, das dennoch neue Verbindungen aufzeigt.</span></p><p><span style="font-size: 15px; font-weight: 300;">So entstehen Objekte, Installationen und Zeichnungen, die oft Überreste von Gesprächen, Zitaten, schon mal Geäußertem zeigen. Vergängliche Materialien verstärken die Flüchtigkeit von Wort oder Tat.</span></p><p>Nadine Jacobi</p><p>Juli 2021</p>						</div>
				</div>
					</div>
		</div>
				<div class="elementor-column elementor-col-50 elementor-top-column elementor-element elementor-element-c3e1874" data-id="c3e1874" data-element_type="column">
			<div class="elementor-widget-wrap elementor-element-populated">
								<div class="elementor-element elementor-element-74aad10 elementor-widget elementor-widget-image" data-id="74aad10" data-element_type="widget" data-widget_type="image.default">
				<div class="elementor-widget-container">
												<figure class="wp-caption">
										<img decoding="async" src="http://nadinejacobi.de/wordpress/wp-content/uploads/2021/10/K5A2242_monitor_neu-e1635704317747.jpg" title="_K5A2242_monitor_neu" alt="_K5A2242_monitor_neu" />											<figcaption class="widget-image-caption wp-caption-text">Foto: André Helbig</figcaption>
										</figure>
									</div>
				</div>
					</div>
		</div>
							</div>
		</section>
						</div>
					</div>

<p>Begegnungen sind Auslöser für meine Arbeiten. Begegnungen mit Menschen &#8211; analog und digital &#8211; Begegnungen mit Gegenständen, mit Gedanken, mit Ideen. Das Thema Kommunikation begann mich während meines Studiums zu beschäftigen. Gespräche, Austausch, Vergleich, Abgleich, Aneignung &#8211; Gedankenfetzen, Wörter, die</p>
